9 is divided by 24.
23
Calculate the remainder when 772 is divided by 2.
0
Calculate the remainder when 129 is divided by 3.
0
Calculate the remainder when 960 is divided by 161.
155
Calculate the remainder when 816 is divided by 127.
54
Calculate the remainder when 1381 is divided by 42.
37
What is the remainder when 1918 is divided by 113?
110
Calculate the remainder when 1980 is divided by 603.
171
What is the remainder when 1599 is divided by 6?
3
What is the remainder when 302 is divided by 28?
22
Calculate the remainder when 197 is divided by 8.
5
What is the remainder when 212 is divided by 85?
42
Calculate the remainder when 725 is divided by 176.
21
Calculate the remainder when 426 is divided by 117.
75
Calculate the remainder when 2670 is divided by 7.
3
Calculate the remainder when 173 is divided by 11.
8
What is the remainder when 97 is divided by 5?
2
What is the remainder when 238 is divided by 14?
0
What is the remainder when 148 is divided by 26?
18
What is the remainder when 5358 is divided by 535?
8
Calculate the remainder when 18 is divided by 13.
5
What is the remainder when 436 is divided by 11?
7
Calculate the remainder when 406 is divided by 132.
10
Calculate the remainder when 642 is divided by 40.
2
What is the remainder when 167 is divided by 19?
15
What is the remainder when 97 is divided by 20?
17
Calculate the remainder when 25 is divided by 17.
8
Calculate the remainder when 252 is divided by 6.
0
What is the remainder when 108 is divided by 35?
3
Calculate the remainder when 90 is divided by 4.
2
Calculate the remainder when 4758 is divided by 950.
8
What is the remainder when 235 is divided by 63?
46
Calculate the remainder when 125 is divided by 45.
35
What is the remainder when 190 is divided by 52?
34
Calculate the remainder when 159 is divided by 91.
68
What is the remainder when 445 is divided by 6?
1
Calculate the remainder when 7256 is divided by 61.
58
What is the remainder when 675 is divided by 13?
12
What is the remainder when 1142 is divided by 6?
2
Calculate the remainder when 667 is divided by 168.
163
What is the remainder when 3386 is divided by 676?
6
Calculate the remainder when 261 is divided by 24.
21
What is the remainder when 896 is divided by 84?
56
What is the remainder when 4238 is divided by 15?
8
Calculate the remainder when 1916 is divided by 71.
70
Calculate the remainder when 200 is divided by 11.
2
What is the remainder when 667 is divided by 112?
107
Calculate the remainder when 228 is divided by 95.
38
What is the remainder when 4262 is divided by 23?
7
Calculate the remainder when 168 is divided by 88.
80
Calculate the remainder when 722 is divided by 43.
34
Calculate the remainder when 279 is divided by 35.
34
What is the remainder when 2598 is divided by 217?
211
Calculate the remainder when 726 is divided by 60.
6
What is the remainder when 45 is divided by 26?
19
What is the remainder when 284 is divided by 11?
9
What is the remainder when 1015 is divided by 20?
15
What is the remainder when 75 is divided by 14?
5
What is the remainder when 202 is divided by 7?
6
Calculate the remainder when 731 is divided by 32.
27
What is the remainder when 111 is divided by 85?
26
What is the remainder when 115 is divided by 29?
28
Calculate the remainder when 364 is divided by 15.
4
Calculate the remainder when 42 is divided by 25.
17
What is the remainder when 17450 is divided by 8722?
6
What is the remainder when 19 is divided by 10?
9
What is the remainder when 765 is divided by 16?
13
Calculate the remainder when 129 is divided by 98.
31
Calculate the remainder when 144 is divided by 127.
17
What is the remainder when 135 is divided by 24?
15
What is the remainder when 278 is divided by 89?
11
What is the remainder when 266 is divided by 33?
2
Calculate the remainder when 865 is divided by 14.
11
Calculate the remainder when 269 is divided by 4.
1
What is the remainder when 1576 is divided by 6?
4
Calculate the remainder when 206 is divided by 3.
2
Calculate the remainder when 809 is divided by 29.
26
What is the remainder when 111 is divided by 58?
53
What is the remainder when 22285 is divided by 69?
67
Calculate the remainder when 1024 is divided by 27.
25
What is the remainder when 289 is divided by 86?
31
Calculate the remainder when 169 is divided by 56.
1
What is the remainder when 3836 is divided by 113?
107
What is the remainder when 262 is divided by 90?
82
What is the remainder when 74 is divided by 26?
22
What is the remainder when 397 is divided by 34?
23
What is the remainder when 495 is divided by 107?
67
Calculate the remainder when 2222 is divided by 28.
10
What is the remainder when 5664 is divided by 10?
4
Calculate the remainder when 467 is divided by 23.
7
Calculate the remainder when 319 is divided by 83.
70
What is the remainder when 1062 is divided by 114?
36
What is the remainder when 453 is divided by 22?
13
What is the remainder when 89 is divided by 74?
15
What is the remainder when 56 is divided by 35?
21
Calculate the remainder when 1408 is divided by 588.
232
What is the remainder when 140 is divided by 13?
10
What is the remainder when 24229 is divided by 52?
49
What is the remainder when 1091 is divided by 21?
20
What is the remainder when 460 is divided by 457?
3
What is the remainder when 487 is divided by 25?
12
Calculate the remainder when 89 is divided by 46.
43
Calculate the remainder when 1762 is divided by 63.
61
Calculate the remainder when 85 is divided by 47.
38
Calculate the remainder when 215 is divided by 111.
104
What is the remainder when 402 is divided by 58?
54
What is the remainder when 1521 is divided by 117?
0
What is the remainder when 807 is divided by 8?
7
What is the remainder when 234 is divided by 63?
45
What is the remainder when 330 is divided by 49?
36
Calculate the remainder when 110 is divided by 14.
12
Calculate the remainder when 336 is divided by 29.
17
What is the remainder when 311 is divided by 21?
17
What is the remainder when 2357 is divided by 263?
253
What is the remainder when 1878 is divided by 621?
15
Calculate the remainder when 964 is divided by 57.
52
What is the remainder when 566 is divided by 88?
38
What is the remainder when 250 is divided by 51?
46
Calculate the remainder when 8337 is divided by 10.
7
Calculate the remainder when 7467 is divided by 267.
258
What is the remainder when 648 is divided by 644?
4
Calculate the remainder when 281 is divided by 58.
49
Calculate the remainder when 934 is divided by 13.
11
What is the remainder when 1997 is divided by 5?
2
Calculate the remainder when 54 is divided by 11.
10
What is the remainder when 77 is divided by 47?
30
Calculate the remainder when 790 is divided by 24.
22
Calculate the remainder when 1795 is divided by 358.
5
What is the remainder when 96 is divided by 12?
0
What is the remainder when 1623 is divided by 96?
87
What is the remainder when 799 is divided by 132?
7
Calculate the remainder when 518 is divided by 10.
8
Calculate the remainder when 1198 is divided by 48.
46
What is the remainder when 497 is divided by 86?
67
What is the remainder when 83510 is divided by 11?
9
What is the remainder when 4055 is divided by 24?
23
Calculate the remainder when 410 is divided by 8.
2
What is the remainder when 999 is divided by 989?
10
Calculate the remainder when 807 is divided by 44.
15
What is the remainder when 679 is divided by 34?
33
What is the remainder when 112 is divided by 6?
4
What is the remainder when 166 is divided by 86?
80
Calculate the remainder when 78 is divided by 40.
38
Calculate the remainder when 7802 is divided by 22.
14
Calculate the remainder when 52 is divided by 25.
2
What is the remainder when 753 is divided by 28?
25
What is the remainder when 520 is divided by 158?
46
Calculate the remainder when 592 is divided by 17.
14
What is the remainder when 149 is divided by 65?
19
Calculate the remainder when 5334 is divided by 1771.
21
What is the remainder when 1000 is divided by 901?
99
Calculate the remainder when 345 is divided by 73.
53
Calculate the remainder when 2518 is divided by 40.
38
What is the remainder when 2236 is divided by 80?
76
What is the remainder when 358 is divided by 30?
28
What is the remaind